{"version":"1.0","provider_name":"Th\u00e9\u00e2tre de la Bicyclette","provider_url":"https:\/\/theatre-la-bicyclette.fr","author_name":"Jonathan Bouanani","author_url":"https:\/\/theatre-la-bicyclette.fr\/index.php\/author\/jbouanani\/","title":"Site Internet du Midi Libre","type":"rich","width":600,"height":338,"html":"<blockquote class=\"wp-embedded-content\" data-secret=\"mXLbYZSTds\"><a href=\"https:\/\/theatre-la-bicyclette.fr\/index.php\/presse\/midi-libre-1901\/\">Site Internet du Midi Libre<\/a><\/blockquote><iframe sandbox=\"allow-scripts\" security=\"restricted\" src=\"https:\/\/theatre-la-bicyclette.fr\/index.php\/presse\/midi-libre-1901\/embed\/#?secret=mXLbYZSTds\" width=\"600\" height=\"338\" title=\"\u00ab\u00a0Site Internet du Midi Libre\u00a0\u00bb &#8212; Th\u00e9\u00e2tre de la Bicyclette\" data-secret=\"mXLbYZSTds\" frameborder=\"0\" marginwidth=\"0\" marginheight=\"0\" scrolling=\"no\" class=\"wp-embedded-content\"><\/iframe><script>\n\/*! This file is auto-generated *\/\n!function(d,l){\"use strict\";l.querySelector&&d.addEventListener&&\"undefined\"!=typeof URL&&(d.wp=d.wp||{},d.wp.receiveEmbedMessage||(d.wp.receiveEmbedMessage=function(e){var t=e.data;if((t||t.secret||t.message||t.value)&&!\/[^a-zA-Z0-9]\/.test(t.secret)){for(var s,r,n,a=l.querySelectorAll('iframe[data-secret=\"'+t.secret+'\"]'),o=l.querySelectorAll('blockquote[data-secret=\"'+t.secret+'\"]'),c=new RegExp(\"^https?:$\",\"i\"),i=0;i<o.length;i++)o[i].style.display=\"none\";for(i=0;i<a.length;i++)s=a[i],e.source===s.contentWindow&&(s.removeAttribute(\"style\"),\"height\"===t.message?(1e3<(r=parseInt(t.value,10))?r=1e3:~~r<200&&(r=200),s.height=r):\"link\"===t.message&&(r=new URL(s.getAttribute(\"src\")),n=new URL(t.value),c.test(n.protocol))&&n.host===r.host&&l.activeElement===s&&(d.top.location.href=t.value))}},d.addEventListener(\"message\",d.wp.receiveEmbedMessage,!1),l.addEventListener(\"DOMContentLoaded\",function(){for(var e,t,s=l.querySelectorAll(\"iframe.wp-embedded-content\"),r=0;r<s.length;r++)(t=(e=s[r]).getAttribute(\"data-secret\"))||(t=Math.random().toString(36).substring(2,12),e.src+=\"#?secret=\"+t,e.setAttribute(\"data-secret\",t)),e.contentWindow.postMessage({message:\"ready\",secret:t},\"*\")},!1)))}(window,document);\n\/\/# sourceURL=https:\/\/theatre-la-bicyclette.fr\/wp-includes\/js\/wp-embed.min.js\n<\/script>\n","thumbnail_url":"https:\/\/theatre-la-bicyclette.fr\/wp-content\/uploads\/2023\/01\/WhatsApp-Image-2023-01-18-a-12.21.21.jpg","thumbnail_width":1200,"thumbnail_height":1600,"description":"Le lieu s\u2019installe dans le paysage lod\u00e9vois et pr\u00e9pare sa premi\u00e8re saison culturelle. Dans cette salle intime, Caroline Paumier r\u00e9alise un r\u00eave d\u2019enfant. Avec l\u2019\u00e9quipe du Th\u00e9\u00e2tre de la Bicyclette, l\u2019ancienne \u00e9ducatrice souhaite offrir une programmation originale et de qualit\u00e9 au public lod\u00e9vois d\u00e8s septembre 2023&#8230; Lien vers l&#8217;article en ligne"}

Théâtre de la Bicyclette

<blockquote class="wp-embedded-content" data-secret="mXLbYZSTds"><a href="https://theatre-la-bicyclette.fr/index.php/presse/midi-libre-1901/">Site Internet du Midi Libre</a></blockquote><iframe sandbox="allow-scripts" security="restricted" src="https://theatre-la-bicyclette.fr/index.php/presse/midi-libre-1901/embed/#?secret=mXLbYZSTds" width="600" height="338" title="« Site Internet du Midi Libre » &#8212; Théâtre de la Bicyclette" data-secret="mXLbYZSTds" frameborder="0" marginwidth="0" marginheight="0" scrolling="no" class="wp-embedded-content"></iframe><script>
/*! This file is auto-generated */
!function(d,l){"use strict";l.querySelector&&d.addEventListener&&"undefined"!=typeof URL&&(d.wp=d.wp||{},d.wp.receiveEmbedMessage||(d.wp.receiveEmbedMessage=function(e){var t=e.data;if((t||t.secret||t.message||t.value)&&!/[^a-zA-Z0-9]/.test(t.secret)){for(var s,r,n,a=l.querySelectorAll('iframe[data-secret="'+t.secret+'"]'),o=l.querySelectorAll('blockquote[data-secret="'+t.secret+'"]'),c=new RegExp("^https?:$","i"),i=0;i<o.length;i++)o[i].style.display="none";for(i=0;i<a.length;i++)s=a[i],e.source===s.contentWindow&&(s.removeAttribute("style"),"height"===t.message?(1e3<(r=parseInt(t.value,10))?r=1e3:~~r<200&&(r=200),s.height=r):"link"===t.message&&(r=new URL(s.getAttribute("src")),n=new URL(t.value),c.test(n.protocol))&&n.host===r.host&&l.activeElement===s&&(d.top.location.href=t.value))}},d.addEventListener("message",d.wp.receiveEmbedMessage,!1),l.addEventListener("DOMContentLoaded",function(){for(var e,t,s=l.querySelectorAll("iframe.wp-embedded-content"),r=0;r<s.length;r++)(t=(e=s[r]).getAttribute("data-secret"))||(t=Math.random().toString(36).substring(2,12),e.src+="#?secret="+t,e.setAttribute("data-secret",t)),e.contentWindow.postMessage({message:"ready",secret:t},"*")},!1)))}(window,document);
//# sourceURL=https://theatre-la-bicyclette.fr/wp-includes/js/wp-embed.min.js
</script>

Le lieu s’installe dans le paysage lodévois et prépare sa première saison culturelle. Dans cette salle intime, Caroline Paumier réalise un rêve d’enfant. Avec l’équipe du Théâtre de la Bicyclette, l’ancienne éducatrice souhaite offrir une programmation originale et de qualité au public lodévois dès septembre 2023&#8230; Lien vers l&#8217;article en ligne
